{"id":100,"date":"2012-11-16T10:21:18","date_gmt":"2012-11-16T10:21:18","guid":{"rendered":"http:\/\/esoteria.fi\/?page_id=100"},"modified":"2013-12-20T10:50:10","modified_gmt":"2013-12-20T10:50:10","slug":"tietosuojakaytanto","status":"publish","type":"page","link":"https:\/\/www.esoteria.fi\/newmain\/sivustosta\/tietosuojakaytanto\/","title":{"rendered":"Tietosuojak\u00e4yt\u00e4nt\u00f6"},"content":{"rendered":"<p>Tietosuojak\u00e4yt\u00e4nt\u00f6 sivustolle http:\/\/www.esoteria.fi<\/p>\n<p>Jos tarvitset lis\u00e4tietoa tai jos sinulla on kysytt\u00e4v\u00e4\u00e4 tietosuojak\u00e4yt\u00e4nn\u00f6st\u00e4mme, ole hyv\u00e4 ja ota yhteytt\u00e4 meihin s\u00e4hk\u00f6postitse osoitteessa saesoteria@live.fi.<\/p>\n<p>Sivustolla http:\/\/www.esoteria.fi, k\u00e4vij\u00f6idemme yksityisyys on eritt\u00e4in t\u00e4rke\u00e4t\u00e4 meille. T\u00e4m\u00e4 tietosuojak\u00e4yt\u00e4nt\u00f6 luonnostelee vastaanotetun ja ker\u00e4tyn informaation tyypit sivustolla http:\/\/www.esoteria.fi ja kuinka niit\u00e4 k\u00e4ytet\u00e4\u00e4n.<\/p>\n<p><strong>Lokitiedostot<\/strong><\/p>\n<p>Kuten monella muulla Internet sivustolla, http:\/\/www.esoteria.fi k\u00e4ytt\u00e4\u00e4 lokitiedostoja. Informaatio lokitiedoston sis\u00e4ll\u00e4 sis\u00e4lt\u00e4\u00e4 Internet protokolla ( IP ) osoitteita, selaimen tyypin, Internetpalveluntarjoajan ( ISP ), p\u00e4iv\u00e4m\u00e4\u00e4r\u00e4\/aika leiman, viittaus\/poistumis sivuston, ja klikkausten lukum\u00e4\u00e4r\u00e4n trendien analysoimista varten, sivuston yll\u00e4pitoa varten, k\u00e4ytt\u00e4j\u00e4n liikkeit\u00e4 sivustolla seuratakseen ja ker\u00e4t\u00e4kseen demograafista tietoa. IP-osoitteet ja muut sellaiset tiedot eiv\u00e4t ole linkitettyn\u00e4 mihink\u00e4\u00e4n tietoon, joka olisi henkil\u00f6kohtaisesti tunnistettavissa.<\/p>\n<p><strong>Ev\u00e4steet ja Web Beaconit<\/strong><\/p>\n<p>http:\/\/www.esoteria.fi k\u00e4ytt\u00e4\u00e4 ev\u00e4steit\u00e4 s\u00e4il\u00f6\u00e4kseen tietoa k\u00e4vij\u00f6iden asetuksista, tallentaakseen k\u00e4ytt\u00e4j\u00e4kohtaista informaatiota siit\u00e4 mill\u00e4 sivuilla k\u00e4ytt\u00e4j\u00e4 p\u00e4\u00e4see k\u00e4ym\u00e4\u00e4n tai k\u00e4y, kustomoidakseen Internet sivuston sis\u00e4lt\u00f6\u00e4 perustuen k\u00e4vij\u00e4n selaintyyppiin tai muuhun informaatioon, jonka k\u00e4vij\u00e4 l\u00e4hett\u00e4\u00e4 selaimen v\u00e4lityksell\u00e4.<\/p>\n<p><strong>DoubleClick DART Ev\u00e4ste<\/strong><\/p>\n<p>.::Google, kolmannen osapuolen myyj\u00e4n\u00e4, k\u00e4ytt\u00e4\u00e4 ev\u00e4steit\u00e4 mainostamisen vuoksi http:\/\/www.esoteria.fi sivustolla.<\/p>\n<p>.:: Googlen DART ev\u00e4steen k\u00e4ytt\u00f6 mahdollistaa sen tarjoamaan mainoksia k\u00e4ytt\u00e4jille pohjautuen heid\u00e4n k\u00e4yntiins\u00e4 http:\/\/www.esoteria.fi sivustolla ja muilla sivustoilla Internetiss\u00e4<\/p>\n<p>.::K\u00e4ytt\u00e4j\u00e4n voivat vet\u00e4yty\u00e4 DART ev\u00e4steen k\u00e4yt\u00f6st\u00e4 vierailemalla Google mainos ja sis\u00e4lt\u00f6 verkoston tietosuojak\u00e4yt\u00e4nn\u00f6n sivustolla seuraavassa URL:ss\u00e4 &#8211; http:\/\/www.google.com\/privacy_ads.html<\/p>\n<p>Er\u00e4\u00e4t meid\u00e4n mainostuskumppaneistamme saattavat k\u00e4ytt\u00e4\u00e4 ev\u00e4steit\u00e4 ja web beaconeita sivustollamme. Mainostus kumppaneihimme kuuluu \u2026\u2026.<\/p>\n<p>Google AdSense<\/p>\n<p>N\u00e4m\u00e4 kolmannen osapuolen mainospalvelimet ja mainosverkostot k\u00e4ytt\u00e4v\u00e4t teknologiaa mainoksissaan ja linkeiss\u00e4\u00e4n, jotka n\u00e4kyv\u00e4t http:\/\/www.esoteria.fi sivustolla, suoraan selaimiinne l\u00e4hett\u00e4m\u00e4ll\u00e4. Ne automaattisesti vastaanottavat IP-osoitteen kun sellainen ilmenee. Muut teknologiat ( kuten ev\u00e4steet, JavaScript, tai Web Beaconit ) saattavat olla k\u00e4yt\u00f6ss\u00e4 my\u00f6s kolmannen osapuolen mainos verkostoilla m\u00e4\u00e4ritell\u00e4kseen mainostensa tehokkuuden ja \/ tai yksil\u00f6id\u00e4kseen mainossis\u00e4ll\u00f6n, jonka te n\u00e4ette.<\/p>\n<p>http:\/\/www.esoteria.fi sivustolla ei ole p\u00e4\u00e4sy\u00e4 tai kontrollia n\u00e4ihin ev\u00e4steisiin jotka ovat kolmannen osapuolen mainostajilla k\u00e4yt\u00f6ss\u00e4\u00e4n.<\/p>\n<p>Teid\u00e4n tulisi konsultoida kutakin n\u00e4iden kolmansien osapuolten mainospalvelimien tietosuojak\u00e4yt\u00e4nt\u00f6\u00e4 yksityiskohtaisempaa tietoa varten heid\u00e4n k\u00e4yt\u00e4nn\u00f6ist\u00e4\u00e4n kuin my\u00f6s heid\u00e4n ohjeistaan miten vet\u00e4yty\u00e4 tietyist\u00e4 k\u00e4yt\u00e4nn\u00f6ist\u00e4. http:\/\/www.esoteria.fi sivuston tietosuojak\u00e4yt\u00e4nt\u00f6 ei koske, emmek\u00e4 voi kontrolloida kyseisi\u00e4 mainostajia tai Internet sivustoja.<\/p>\n<p>Jos tahdot poistaa ev\u00e4steet k\u00e4yt\u00f6st\u00e4, voit tehd\u00e4 niin yksil\u00f6llisesti selain asetuksista. Tarkempaa tietoa ev\u00e4steiden k\u00e4sittelyst\u00e4 tietyiss\u00e4 Internet selaimessa voit l\u00f6yt\u00e4\u00e4 selaimen omilta Internet sivustoilta.<\/p>\n","protected":false},"excerpt":{"rendered":"<p>Tietosuojak\u00e4yt\u00e4nt\u00f6 sivustolle http:\/\/www.esoteria.fi Jos tarvitset lis\u00e4tietoa tai jos sinulla on kysytt\u00e4v\u00e4\u00e4 tietosuojak\u00e4yt\u00e4nn\u00f6st\u00e4mme, ole hyv\u00e4 ja ota yhteytt\u00e4 meihin s\u00e4hk\u00f6postitse osoitteessa saesoteria@live.fi. Sivustolla http:\/\/www.esoteria.fi, k\u00e4vij\u00f6idemme yksityisyys on eritt\u00e4in t\u00e4rke\u00e4t\u00e4 meille. T\u00e4m\u00e4 tietosuojak\u00e4yt\u00e4nt\u00f6 luonnostelee vastaanotetun ja ker\u00e4tyn informaation tyypit sivustolla http:\/\/www.esoteria.fi ja kuinka niit\u00e4 k\u00e4ytet\u00e4\u00e4n. Lokitiedostot Kuten monella muulla Internet sivustolla, http:\/\/www.esoteria.fi k\u00e4ytt\u00e4\u00e4 lokitiedostoja. Informaatio lokitiedoston sis\u00e4ll\u00e4 [&hellip;]<\/p>\n","protected":false},"author":1,"featured_media":0,"parent":32,"menu_order":0,"comment_status":"closed","ping_status":"closed","template":"","meta":{"footnotes":""},"class_list":["post-100","page","type-page","status-publish","hentry"],"_links":{"self":[{"href":"https:\/\/www.esoteria.fi\/newmain\/wp-json\/wp\/v2\/pages\/100","targetHints":{"allow":["GET"]}}],"collection":[{"href":"https:\/\/www.esoteria.fi\/newmain\/wp-json\/wp\/v2\/pages"}],"about":[{"href":"https:\/\/www.esoteria.fi\/newmain\/wp-json\/wp\/v2\/types\/page"}],"author":[{"embeddable":true,"href":"https:\/\/www.esoteria.fi\/newmain\/wp-json\/wp\/v2\/users\/1"}],"replies":[{"embeddable":true,"href":"https:\/\/www.esoteria.fi\/newmain\/wp-json\/wp\/v2\/comments?post=100"}],"version-history":[{"count":4,"href":"https:\/\/www.esoteria.fi\/newmain\/wp-json\/wp\/v2\/pages\/100\/revisions"}],"predecessor-version":[{"id":391,"href":"https:\/\/www.esoteria.fi\/newmain\/wp-json\/wp\/v2\/pages\/100\/revisions\/391"}],"up":[{"embeddable":true,"href":"https:\/\/www.esoteria.fi\/newmain\/wp-json\/wp\/v2\/pages\/32"}],"wp:attachment":[{"href":"https:\/\/www.esoteria.fi\/newmain\/wp-json\/wp\/v2\/media?parent=100"}],"curies":[{"name":"wp","href":"https:\/\/api.w.org\/{rel}","templated":true}]}}