{"id":192,"date":"2013-01-17T10:12:21","date_gmt":"2013-01-17T10:12:21","guid":{"rendered":"http:\/\/esoteria.fi\/?page_id=192"},"modified":"2013-01-17T10:15:42","modified_gmt":"2013-01-17T10:15:42","slug":"ulkoavaruuden-ryhmittymien-nykytilanne-6","status":"publish","type":"page","link":"https:\/\/www.esoteria.fi\/newmain\/uutiskirjeet\/ulkoavaruuden-ryhmittymien-nykytilanne-6\/","title":{"rendered":"Ulkoavaruuden ryhmittymien nykytilanne #6"},"content":{"rendered":"<p align=\"center\"><em>Julkaistu 17.1.2013<\/em><\/p>\n<p align=\"center\">1.<\/p>\n<p>Ulkoavaruuden ryhmittym\u00e4t ovat hyvin vaikealla tavalla toimivia. Ulkoavaruuden ryhmittymiss\u00e4mme toimitaan hyvin p\u00e4invastoin kuin miten Maa planeetalla toimittaisiin, jos Maa planeetalla olisi samanlaisia ongelmia. Kaikki ulkoavaruuden olennot toimivat hyvin v\u00e4\u00e4ryydellisesti Maa planeetan olentoihin verrattuna. Kaikkien olentojen v\u00e4\u00e4ryydet tullaan aina korjaamaan rangaistuksilla.<\/p>\n<p>Ulkoavaruuden olennot ansaitsevat t\u00e4llaisia rangaistuksia hyvin paljon. Kaikki ulkoavaruuden olennot toimivat hyvin kieroutuneesti kaikille muille olennoille. Kaikilla olennoillamme on Luojan j\u00e4rjestelmiss\u00e4 hyvin v\u00e4\u00e4ryydellinen asema, jota he voivat hyv\u00e4ksik\u00e4ytt\u00e4\u00e4 hyv\u00e4ksik\u00e4ytt\u00e4m\u00e4ll\u00e4 j\u00e4rjestelmi\u00e4 v\u00e4\u00e4ryydellisesti.<\/p>\n<p>Ulkoavaruuden olennoillamme on sellainen merkitys, ett\u00e4 Maa planeetta tuhottiin aiempina aikoina ulkoavaruuden olennoilla, sill\u00e4 Maa planeetan j\u00e4rjestelm\u00e4t olivat hyv\u00e4ksik\u00e4ytt\u00e4neet ulkoavaruuden olentojen toimintaa, mist\u00e4 ulkoavaruuden olennot suuttuivat Maa planeetan asukkaille.<\/p>\n<p>Kaikki Maa planeetan olennot toimivat ulkoavaruuden ryhmittymiss\u00e4 aina silloin t\u00e4ll\u00f6in; el\u00e4m\u00e4ll\u00e4 el\u00e4mi\u00e4 ulkoavaruuden planeetoilla. Ulkoavaruuden olennot voivat taas el\u00e4\u00e4 Maa planeetalla aina toisinaan, jolloin olennot toimivat eri planeetoilla hyvin paljon. Eri planeetoilla toimiakseen olentojen on teht\u00e4v\u00e4 Luojan sopimukset, ettei heille tulisi ongelmia eri planeetoilla el\u00e4ess\u00e4\u00e4n.<\/p>\n<p align=\"center\">2.<\/p>\n<p>Ulkoavaruuden olennoillamme on hyvin paljon v\u00e4\u00e4ryydellist\u00e4 toimintaa Maa planeetalle, jolloin kaikki olentomme toimivat Maa planeetalla hyvin v\u00e4\u00e4ryydellisesti. Hyvin v\u00e4\u00e4ryydelliset ulkoavaruuden olennot toimivat hyvin kiroutuneesti, koska ulkoavaruuden olennoillamme on niin kiroutuneet toiminnot. Ulkoavaruudessamme olivat hyvin v\u00e4\u00e4ryydelliset olennot tehneet tuhotoimintaa nykyaikanamme.<\/p>\n<p>Ulkoavaruuden ryhmittymill\u00e4mme toimittiin Luojan vastaisesti aiempina aikoina, mutta nykyaikana Luojan j\u00e4rjestelm\u00e4t saivat ulkoavaruuden olentojen j\u00e4rjestelm\u00e4t uskomaan itseens\u00e4. Valar ulkoavaruuden olennotkin ovat uskollisia Maa planeetalle toisinaan. Kaikkien valareiden merkitys on tuhota Maa planeetta kumminkin. T\u00e4llainen ei sovi Luojan j\u00e4rjestelmille, sill\u00e4 Luoja on hyvin v\u00e4\u00e4ryydellinen uhkaileville olennoille.<\/p>\n<p>Kaikille valareille tulee my\u00f6hemmin ulkoavaruuden olentojen kautta ongelmia nykyisell\u00e4 j\u00e4rjestelm\u00e4ll\u00e4\u00e4n. Kaikki ulkoavaruuden olennot eiv\u00e4t hyv\u00e4ksy valareita, vaan he ovat valareita vastustavia. Kaikkien valareiden ongelmat liittyv\u00e4t uhritoimintaan, jolloin valareillamme on hyvin kiroutunut \u00e4lykkyys. Kaikkien valareiden tulisi tehd\u00e4 Luojan sopimukset, mutta he eiv\u00e4t halua tehd\u00e4 t\u00e4llaista ilman hy\u00f6ty\u00e4.<\/p>\n<p>Kaikilla valareillamme on hyvin paljon Luojan j\u00e4rjestelmiss\u00e4 sanottavaa Maa planeetan asioista, sill\u00e4 he ovat hyvin paljon Maa planeetan ihmisten kaltaisia. Maa planeetan ihmiset ovat toisinaan ulkoavaruuden olentojen noitumia my\u00f6skin, jolloin ulkoavaruuden olentojen manipuloinnit vaikuttavat Maa planeetan asioihin.<\/p>\n<p align=\"center\">3.<\/p>\n<p>Kaikki valarit ovat ulkoavaruuden olennoistamme v\u00e4\u00e4ryydellisimpi\u00e4 meit\u00e4 kohtaan. Kaikkien valarien tuhoutuneisuus vastaa harmaita ja liskomiehi\u00e4. Joten he ovat hyvin paljon samanlaisia kuin mit\u00e4 harmaat ja liskomiehet olivat lopun aikoina. Kuitenkin pahimmat v\u00e4\u00e4ryydet on poistettu ulkoavaruuden olennoiltamme samoin kuin Maa planeetaltamme.<\/p>\n<p>Ulkoavaruuden olennot toimivat Maa planeetalla hyvin kieroutuneesti. Ulkoavaruuden olennoista ei tiedet\u00e4 mit\u00e4\u00e4n virallista kautta, sill\u00e4 he ovat v\u00e4\u00e4ryydellisempi\u00e4 kuin kuviteltiinkaan. Kaikki v\u00e4\u00e4ryydet johtuvat ulkoavaruuden olentojen toiminnasta, jollaista he harjoittavat omilla alueillaan sek\u00e4 avaruusaluksissaan. Ulkoavaruuden olennot toimivat Maa planeetalla kieroutuneesti, koska kaikkialla on ulkoavaruuden olentoja Maa planeetan asukkaina. Joten t\u00e4m\u00e4 on hyvin ep\u00e4selv\u00e4 tilanne, sill\u00e4 Maa planeetta on ulkoavaruuden ryhmittymien planeetta jo t\u00e4n\u00e4 p\u00e4iv\u00e4n\u00e4 hyvin suuressa mittasuhteessa.<\/p>\n<p>Ulkoavaruuden ryhmittymill\u00e4mme oli hyvin kauaskantoisia suunnitelmia aiempina aikoina ennen lopputuomiota Maa planeetan suhteen. Maa planeetan olennot eiv\u00e4t tyk\u00e4nneet ulkoavaruuden olennoista ennen lopputuomiota, vaan he pelk\u00e4siv\u00e4t ulkoavaruuden olentoja. Kaikki pelokkaat olennot olivat helppoja uhreja kiroutuneiden suunnitelmien toteuttamiselle.<\/p>\n<p>Helpotetut suunnitelmat toimivat hyvin v\u00e4\u00e4ryydellisesti Maa planeetan asukkaille, sill\u00e4 he kirosivat valarit hyvin v\u00e4\u00e4ryydellisell\u00e4 kirouksella harmaiden ja liskomiesten takia. Kaikki valarit, harmaat ja liskomiehet ovat nyt sodassa kesken\u00e4\u00e4n. Harmailla ja liskomiehill\u00e4 on v\u00e4\u00e4ryydellist\u00e4 toimintaa toisille lajeille v\u00e4hemm\u00e4n kuin kuviteltiinkaan, sill\u00e4 heid\u00e4t on hyvin suurilta osin tuhottu valarin ja lepakkomiesten avulla.<\/p>\n<p align=\"center\">4.<\/p>\n<p>Valarit ja lepakkomiehet ovat v\u00e4\u00e4ryydellisi\u00e4 nykyaikana, koska valarit tekev\u00e4t tuhot\u00f6it\u00e4\u00e4n viel\u00e4 nykyaikanakin. Kaikkien v\u00e4\u00e4ryydellisten olentojen rankaisut tulevat my\u00f6hemmin. Valarit toimivat hyvin v\u00e4\u00e4ryydellisesti erityisesti liskomiehille, koska valarit eiv\u00e4t pit\u00e4neet ulkoavaruuden olennoista ollenkaan enkeleiden kiroamana.<\/p>\n<p>Enkelit ovat kironneet siis valarit vihamielisiksi ulkoavaruuden olennoiksi my\u00f6s Maa planeetan suhteen. Heill\u00e4 on hyvin kieroutunut \u00e4lykkyys, jolla he p\u00e4\u00e4ttelev\u00e4t ulkoavaruuden olentojen v\u00e4\u00e4ryydellisyytt\u00e4 heit\u00e4 itse\u00e4\u00e4n kohtaan. Jos he havaitsevat v\u00e4\u00e4ryyden tuhotuomion tasoiseksi hy\u00f6kk\u00e4\u00e4v\u00e4t he planeetalle, jolla on liian v\u00e4\u00e4ryydellisi\u00e4 olentoja heid\u00e4n mielest\u00e4\u00e4n.<\/p>\n<p>Valarit eiv\u00e4t pid\u00e4 t\u00e4st\u00e4 kirjoituksesta, koska kaikilla valareilla on hyvin kieroutuneet toiminnot. Kaikkien valareiden toiminnot ovat kiroutuneita, koska kaikilla valareilla on hyvin v\u00e4\u00e4ryydelliset toiminnot. Toiminnot kiroutuvat sotatoiminnalla helpoiten. Kaikki sotatoiminnot ovat hyvin v\u00e4\u00e4ryydellisi\u00e4, jolloin valarit ovat olleet hyvin v\u00e4\u00e4ryydellisi\u00e4. He tuhosivat kokonaan harmaat ja liskomiehet galaksiltamme.<\/p>\n<p>Kaikki valarimme ovat hyvin v\u00e4\u00e4ryydellisi\u00e4 olentoja alun perinkin, sill\u00e4 he ovat hyvin vanha laji. Kaikki valarit ovat hyvin v\u00e4\u00e4ryydellisi\u00e4, koska harmaita ja liskomiehi\u00e4 ei olisi saanut vainota siten kuin valarit heit\u00e4 vainosivat. Valareilla ja liskomiehill\u00e4 on hyvin korkeatasoisia kirouksia toisilleen, kuten on tilanne valareilla harmaidenkin suhteen.<\/p>\n<p align=\"center\">5.<\/p>\n<p>N\u00e4m\u00e4 kiroukset ovat hyvin kiroutuneita toimenpiteit\u00e4, joilla valarit tulevat pett\u00e4m\u00e4\u00e4n ihmisetkin. Kaikki Maa planeetan ihmiset ovat hyv\u00e4ss\u00e4 henkimaailmassaan helppouskoisempia valareiden v\u00e4\u00e4ryydellisille ajatuksille. Kaikki v\u00e4\u00e4ryydelliset ajatukset valareilla ovat hyvin kieroutuneita toimenpiteit\u00e4, joilla he pyrkiv\u00e4t vaikuttamaan Maa planeetan asioihin.<\/p>\n<p>Valareiden sopimukset loppuvat my\u00f6hemmin. Henkimaailmalta tulee valareille pikkuisen ongelmia, koska valarit ovat olleet v\u00e4\u00e4ryydellisi\u00e4 harmaille ja liskomiehille. N\u00e4in valarit saavat rangaistuksensa, jolloin kaikki sopimukset loppuvat. Valareihin on helppo uskoa, mutta valareiden toiminta on hyvin v\u00e4\u00e4ryydellist\u00e4. Kaikkien valareiden toiminnot ovat hyvin v\u00e4\u00e4ryydelliset. Valareista ei saa puhua enemp\u00e4\u00e4 v\u00e4\u00e4ryydellisyyden takia. Valareiden v\u00e4\u00e4ryydet ovat sen kaltaisia kuin kuviteltiinkin.<\/p>\n","protected":false},"excerpt":{"rendered":"<p>Julkaistu 17.1.2013 1. Ulkoavaruuden ryhmittym\u00e4t ovat hyvin vaikealla tavalla toimivia. Ulkoavaruuden ryhmittymiss\u00e4mme toimitaan hyvin p\u00e4invastoin kuin miten Maa planeetalla toimittaisiin, jos Maa planeetalla olisi samanlaisia ongelmia. Kaikki ulkoavaruuden olennot toimivat hyvin v\u00e4\u00e4ryydellisesti Maa planeetan olentoihin verrattuna. Kaikkien olentojen v\u00e4\u00e4ryydet tullaan aina korjaamaan rangaistuksilla. Ulkoavaruuden olennot ansaitsevat t\u00e4llaisia rangaistuksia hyvin paljon. Kaikki ulkoavaruuden olennot toimivat hyvin [&hellip;]<\/p>\n","protected":false},"author":1,"featured_media":0,"parent":124,"menu_order":0,"comment_status":"closed","ping_status":"closed","template":"","meta":{"footnotes":""},"class_list":["post-192","page","type-page","status-publish","hentry"],"_links":{"self":[{"href":"https:\/\/www.esoteria.fi\/newmain\/wp-json\/wp\/v2\/pages\/192","targetHints":{"allow":["GET"]}}],"collection":[{"href":"https:\/\/www.esoteria.fi\/newmain\/wp-json\/wp\/v2\/pages"}],"about":[{"href":"https:\/\/www.esoteria.fi\/newmain\/wp-json\/wp\/v2\/types\/page"}],"author":[{"embeddable":true,"href":"https:\/\/www.esoteria.fi\/newmain\/wp-json\/wp\/v2\/users\/1"}],"replies":[{"embeddable":true,"href":"https:\/\/www.esoteria.fi\/newmain\/wp-json\/wp\/v2\/comments?post=192"}],"version-history":[{"count":4,"href":"https:\/\/www.esoteria.fi\/newmain\/wp-json\/wp\/v2\/pages\/192\/revisions"}],"predecessor-version":[{"id":197,"href":"https:\/\/www.esoteria.fi\/newmain\/wp-json\/wp\/v2\/pages\/192\/revisions\/197"}],"up":[{"embeddable":true,"href":"https:\/\/www.esoteria.fi\/newmain\/wp-json\/wp\/v2\/pages\/124"}],"wp:attachment":[{"href":"https:\/\/www.esoteria.fi\/newmain\/wp-json\/wp\/v2\/media?parent=192"}],"curies":[{"name":"wp","href":"https:\/\/api.w.org\/{rel}","templated":true}]}}