{"id":699,"date":"2014-10-15T06:17:27","date_gmt":"2014-10-15T06:17:27","guid":{"rendered":"http:\/\/esoteria.fi\/?page_id=699"},"modified":"2014-10-15T06:26:16","modified_gmt":"2014-10-15T06:26:16","slug":"esoteerista-tietoa1","status":"publish","type":"page","link":"https:\/\/www.esoteria.fi\/newmain\/esoteerista-tietoa1\/","title":{"rendered":"Esoteerista tietoa"},"content":{"rendered":"<p>Demonit<\/p>\n<p>Kaikki demonit ovat hyvin v\u00e4\u00e4ryydellisi\u00e4. Demonit ovat hyvin v\u00e4\u00e4ryydellisi\u00e4, koska kaikilla demoneilla on pyh\u00e4 tarkoitus v\u00e4\u00e4ryydellist\u00e4\u00e4 maailman toimintaa. Kaikkien demoneiden oikea toiminta on hyvin edist\u00e4v\u00e4\u00e4 ihmiskunnalle. Oikeiden demoneiden toiminta on hyvin korkeatasoista. Kaikki demonit auttavat ihmisi\u00e4 tulemaan toimeen paremmin v\u00e4\u00e4ryyden avulla, joka on hyvin harvoin haitallista v\u00e4\u00e4ryytt\u00e4.<br \/>\nKaikkien demoneiden v\u00e4\u00e4ryydet ovat tuhottavissa v\u00e4hemm\u00e4ss\u00e4 m\u00e4\u00e4rin. Kaikki demonit ottavat hyvin harvoin uhreja k\u00e4ytt\u00f6\u00f6ns\u00e4 toisin kuin demoneista pelotellaan. Kaikki olentomme ovat demoneille kuin kavereita, sill\u00e4 he v\u00e4\u00e4ryytens\u00e4 avulla tulevat toimeen ihmisten kanssa kuin kuka tahansa. Demonit toimivat tavalla jolla he toimivat, sill\u00e4 demoneilla on hyvin paljon kontakteja maailman ihmisiin. T\u00e4m\u00e4 kaikki tapahtuu kanavoiden.<br \/>\nKaikilla demoneillamme on hengen kuulo ominaisuus, jolloin demonit voivat kuunnella maailman ihmisten ajatuksia kanavointeina. T\u00e4m\u00e4 kuulo-ominaisuus on maailman ihmisill\u00e4kin. Kuulo-ominaisuus on maailman ihmisten tukahduttama maailman ihmisilt\u00e4 itselt\u00e4\u00e4n, sill\u00e4 maailman ihmiset ovat nykyaikana tukahdutetumpia toiminnoiltaan kuin mit\u00e4 henkimaailmassa ollaan.<br \/>\nDemonit el\u00e4v\u00e4t henkimaailmassa normaalin kaltaisia el\u00e4mi\u00e4, siis kuten maailmassakin elet\u00e4\u00e4n, jolloin kaikilla demoneilla on hyvin tavallista toimintaa. Demonit eiv\u00e4t siis ole siten, kuin maailmassa tavataan ajatella, ett\u00e4 demonit ovat ihmisille pahantekij\u00f6it\u00e4 pelk\u00e4st\u00e4\u00e4n. Sill\u00e4 heid\u00e4n toiminta on v\u00e4\u00e4ryydellisemp\u00e4\u00e4 kuin maailman ihmisten, mutta sit\u00e4 ei ole tarkoitettu vahingolliseksi toiminnaksi vaan henkimaailman j\u00e4rjestelm\u00e4n mukaisemmaksi.<br \/>\nDemoneita on niin paljon, ettette uskokaan. Sill\u00e4 kaikista el\u00e4mist\u00e4 luodaan demoni Helvettiin, joka on henkimaailman ulottuvuus. Demonit ovat rankaisijoina ihmisille, jotka toimivat demoneiden mukaan v\u00e4\u00e4ryydellisesti ihmisin\u00e4 maailmassa ollessa. T\u00e4m\u00e4 tapahtuu demonien alueilla, jossa henkimaailma on j\u00e4rjest\u00e4nyt unenomaisia rangaistus toimintoja maailman ihmisille. N\u00e4in ihmisi\u00e4 rangaistaan, kuten on kuviteltukin, heid\u00e4n aiemmista v\u00e4\u00e4ryydenteoistaan. <\/p>\n<p>Enkelit<\/p>\n<p>Enkelit ovat pyhi\u00e4 olentoja, joilla on paljon sanavaltaa henkimaailman asioihin. Valvojaenkelit tekev\u00e4t jatkuvasti ty\u00f6t\u00e4\u00e4n henkimaailmassa olevina ihmisi\u00e4 valvovina olentoina. Valvovat enkelit toimivat hyvin v\u00e4\u00e4ryydellisesti ihmisten suhteen harvemmin kuin kuvitellaankaan, sill\u00e4 henkimaailma on tehnyt valvojaenkelit ihmisten valvojiksi.<br \/>\nEnkeleit\u00e4 on hyvin monenlaisia. Heit\u00e4 on tyypilt\u00e4\u00e4nkin erilaisia. Eri enkelit tyypit perustuvat erilaisiin tilanteisiin, joissa enkelit syntyv\u00e4t henkimaailman noituudella. Enkeleiss\u00e4mme on hyvin paljon v\u00e4\u00e4ryytt\u00e4 ihmisi\u00e4 kohtaan, sill\u00e4 hek\u00e4\u00e4n eiv\u00e4t ole t\u00e4ydellisi\u00e4 olentoja, vaan heill\u00e4 on omia tarkoitusperi\u00e4 toimia omilla tavoillaan, kuten on muillakin olennoilla.<br \/>\n Enkeleist\u00e4 voidaan sanoa olevan tyypilt\u00e4\u00e4n pyhi\u00e4 enkeleit\u00e4, valonhaltia enkeleit\u00e4, valon enkeleit\u00e4, pahuuden enkeleit\u00e4, soturi enkeleit\u00e4, v\u00e4\u00e4ryyden enkeleit\u00e4, kiroutuneita enkeleit\u00e4 ja hyvyyden enkeleit\u00e4.<br \/>\nEnkelit ovat hyvin v\u00e4\u00e4ryydellisi\u00e4 ihmisten suhteen hyvin harvoin, mutta toisinaan he aiheuttavat ihmisille ongelmia henkimaailmasta k\u00e4sin. Enkeleit\u00e4 asuu kaikkialla henkimaailmassa, mutta heit\u00e4 on my\u00f6s tietyill\u00e4 enkeleille tarkoitetuilla alueilla. T\u00e4llaisia alueita kutsutaan my\u00f6s muun muassa Helvetiksi ja Taivaaksi. <\/p>\n<p>Jumaluudet<\/p>\n<p>Jumaluudet ovat useimmiten asetettu Luojan toimesta olentojen p\u00e4\u00e4johtajiksi toiminnoiltaan. He ovat henkimaailman olentoina hyvin vaikutusvaltaisia muihin olentoihin n\u00e4hden. Heihin uskominen on kuitenkin haitallista useimmiten. Jumaluuksilla on siis hyvin v\u00e4\u00e4ryydellinen asema hallussaan, jossa he voivat toimia melko vapaasti, mik\u00e4li he niin tahtovat. Mutta v\u00e4\u00e4ryydellisesti toimivat jumaluudet tullaan aina poistamaan, mik\u00e4li heid\u00e4n katsotaan olevan haitallisia kaikille olennoille.<br \/>\nKaikille olennoille haitalliset jumaluudet ovat siis poistettavissa asemastaan, koska Luoja ei aina hyv\u00e4ksy jumaluutta, joka on haitallinen olennoillemme. Jumaluudet asuvat Taivaassa, joka on henkimaailman ulottuvuus, jumaluuksina ollessaan. Kuitenkaan he eiv\u00e4t ole sen kummempia olentoina kuin ihmiset, ainoastaan heill\u00e4 on henkimaailman j\u00e4rjestelm\u00e4ss\u00e4 suuremmat toiminta mahdollisuudet annettuna Luojan toimesta.<br \/>\nJumaluudet ovat hyvin v\u00e4\u00e4ryydellisi\u00e4 useimmiten, koska jumaluuksilla on hyvin v\u00e4h\u00e4n kokemusta el\u00e4m\u00e4st\u00e4 useimmiten. He vain sattuvat olemaan hyvi\u00e4 jumaluuden teht\u00e4viss\u00e4, kuitenkin ilman suurempaa kokemusta muustakaan toiminnasta. Jumaluutemme toimivat hyvin v\u00e4\u00e4ryydellisesti aiempina aikoina, mik\u00e4 on my\u00f6s nykyaikana jumaluuksien toimintatapa. Kaikkien jumaluuksien toiminnot ovat hyvin kiroutuneita melko pian jumaluudeksi asettumisen j\u00e4lkeen, sill\u00e4 olennot yleens\u00e4 kierouttavat jatkuvasti jumaluuksien toimintaa, jolloin jumaluuksista tulee kiroutuneita.<br \/>\nKaikki jumaluutemme ovat nykyp\u00e4iv\u00e4n\u00e4 v\u00e4hemm\u00e4ss\u00e4 m\u00e4\u00e4rin k\u00e4yt\u00f6ss\u00e4, koska lopputuomio vei melkeinp\u00e4 kaikki jumaluudet tuhotuomiolle, josta he eiv\u00e4t selvinneet. Jumaluuksillamme on hyvin v\u00e4\u00e4ryydelliset toiminnot, joiden vuoksi jumaluus olentojen toiminnot kiroutuivat hyvin paljon jopa henkiseen kuolemaan saakka, josta ei ollut paluuta. <\/p>\n<p>Ulkoavaruuden olennot<\/p>\n<p>Ulkoavaruuden olennot ovat todellisia olentoja. Todelliset olennot ovat olemassa olevia hyvin omituisella tavalla. Kaikkien olentojemme tietoisuudessa on ulkoavaruuden olentoja, sill\u00e4 ulkoavaruuden olennot ovat noituneet Maa planeetan asukkaat itselleen sopivalla tavalla. Kaikkien ulkoavaruuden olentojen toiminnot vastaavat tieteiselokuvien toimintoja. Tieteiselokuvat ovat kehittyneet ulkoavaruuden olennoillamme v\u00e4hemm\u00e4ss\u00e4 m\u00e4\u00e4rin kuitenkin.<br \/>\nUlkoavaruuden olentomme asuvat kaikkialla universumissamme. Ulkoavaruuden olentomme toimivat hyvin v\u00e4\u00e4ryydellisesti Maa planeetan suhteen. Maa planeetallamme asuu my\u00f6s ulkoavaruuden olentoja. Ulkoavaruuden olennot n\u00e4ytt\u00e4v\u00e4t useimmiten ihmisilt\u00e4 alun perinkin, sill\u00e4 kaikki olennot ovat enimm\u00e4kseen ihmisi\u00e4, joista voidaan puhua ihmisten tasoisina \u00e4lykkyydelt\u00e4\u00e4n. On my\u00f6s erilaisia ulkoavaruuden olentoja, jotka n\u00e4ytt\u00e4v\u00e4 hieman poikkeavilta, mutta p\u00e4\u00e4osin ulkoavaruuden \u00e4lykk\u00e4\u00e4t olennot ovat ihmisen n\u00e4k\u00f6isi\u00e4.<br \/>\nUlkoavaruuden eri olennot ovat kehittyneet kuten Maa planeetallakin eli alun perin kaikki on tapahtunut luomalla olentoja henkimaailman luomina, mutta erilaista kehityst\u00e4 on tapahtunut my\u00f6s luonnonvalinnalla. Luonnonvalinnalla on my\u00f6s merkityst\u00e4 lajienkehityksess\u00e4, mutta lopulta luominen on suurin mittasuhteiltaan. <\/p>\n<p>Maa planeetan merkitys<\/p>\n<p>Maa planeetan merkitys on suuren suuri. Maa planeetan toiminnot ovat hyvin pitk\u00e4lle kehittyneit\u00e4 henkimaailman noituuksia. Kaikki henkimaailman noituudet ovat hyvin korkeatasoisia, koska Maa planeetta on merkityksellinen planeetta henkimaailmalle. Henkimaailma tekee Maa planeetalla Luojan ty\u00f6t\u00e4 kehitt\u00e4\u00e4kseen universumeiden toimintoja.<br \/>\nKaikki henkimaailman olennot tuntevat Luojan jotenkin, jolloin he tiet\u00e4v\u00e4t my\u00f6s Maa planeetasta l\u00e4hestulkoon aina. Maa planeetta on siis pyh\u00e4 planeetta, joka on jopa pyhempi kuin yksik\u00e4\u00e4n muu planeetta. Henkimaailman toiminnot tulevat ensimm\u00e4iseksi Maa planeetalle k\u00e4ytt\u00f6\u00f6n, jotta niit\u00e4 voitaisiin kokeilla kaikkein kehittyneimm\u00e4ll\u00e4 alueella, jollainen Maa planeetta on.<br \/>\nKaikkein kehittyneimm\u00e4t alueet ovat v\u00e4hemm\u00e4ss\u00e4 m\u00e4\u00e4rin v\u00e4\u00e4ryydellisi\u00e4 verrattuna toisiin planeettoihin. Toiset planeetat tulevat kehityksess\u00e4 j\u00e4ljess\u00e4 Maa planeettaan verrattuna, koska niill\u00e4 el\u00e4\u00e4 v\u00e4hemm\u00e4n kehittyneit\u00e4 olentoja. Maa planeettamme merkitys on siis olla hyvin v\u00e4\u00e4ryydellinen kehitysalue Luojan j\u00e4rjestelmille. <\/p>\n<p>Lopputuomio<\/p>\n<p>Lopputuomiossa kaikki henkimaailman kuolleet olennot tuhottiin henkimaailman toiminnolla. T\u00e4m\u00e4 tapahtui 2000-luvun alkupuolella. Kaikilla olennoillamme on tietoa t\u00e4st\u00e4 tuhoutumisesta, mik\u00e4li he olivat aiempien ihmisten olentoja. Kaikki aiempien ihmisten olennot ovat olleet hyvin v\u00e4\u00e4ryydellisi\u00e4 ollessaan hengelt\u00e4\u00e4n kuolleita olentoja.<br \/>\nKaikilla olennoillamme on siis luojaolentoja lukuun ottamatta mahdollista kuolla hengelt\u00e4\u00e4n, mik\u00e4 on hyvin lopullista. Kuitenkin henkimaailman kuolleet olennot voivat el\u00e4\u00e4 el\u00e4mi\u00e4 ja toimia fyysisess\u00e4 maailmassa, mutta heid\u00e4n toimintonsa eiv\u00e4t kehity en\u00e4\u00e4 kuolleen tilassa ollessaan. Kuolleen tilasta voi my\u00f6s el\u00e4v\u00f6ity\u00e4, mik\u00e4li olento korjaa aiemmat virheens\u00e4, jotka johtivat kuolemaan, mutta t\u00e4ll\u00f6in olento on jo kokonaan uusi olento, joten henkinen kuolema on lopullista, eik\u00e4 siit\u00e4 ole en\u00e4\u00e4 paluuta.<br \/>\nLopputuomiolla tuhottiin kaikki henkisesti kuolleet olennot, jotka eiv\u00e4t en\u00e4\u00e4 kykenisi korjaamaan kuollutta henkiolentoaan el\u00e4v\u00e4ksi. T\u00e4m\u00e4 tapahtui, koska muutoin olisivat hengelt\u00e4\u00e4n kuolleet olennot aiheuttaneet liikaa vahinkoa kaikille muille olennoille. Ilman ett\u00e4 heist\u00e4 olisi koskaan tullut en\u00e4\u00e4 el\u00e4vi\u00e4 henkiolennoltaan. Joten henkimaailma tuhosi kuolleet henget ja toi kuolleiden henkien aiemmin asuttamiin kehoihin uudet rakennelma henkiolennot, jotka on rakennettu kehon toiminnoista. Uudet rakennelmahenkiolennot saattoivat olla jopa el\u00e4vi\u00e4.<br \/>\nKaikki henkiolentomme ovat hyvin toimivia olentoja, mutta v\u00e4\u00e4ryytt\u00e4 tehdess\u00e4\u00e4n ne voivat rapistua oikeilta toiminnoiltaan, jolloin henkiolennon kuolema tulee l\u00e4hemm\u00e4ksi. Kaikki v\u00e4\u00e4ryys on siis hyvin vahingollista olennoille itselleen. Kaikki rakennelmahenget ovat hyvin v\u00e4\u00e4ryydellisi\u00e4 kuitenkin, mutta silti ne toimivat paremmin l\u00e4hes aina kuin miten kuolleet henkiolennot toimivat.<\/p>\n<p>Luoja<\/p>\n<p>Luoja on kaiken alkul\u00e4ht\u00f6kohta, joka ei v\u00e4\u00e4ryydellisty koskaan. Kaiken alkul\u00e4ht\u00f6kohta tarkoittaa sit\u00e4, ett\u00e4 kaikella on alkunsa ja Luoja on kaiken aloittanut. Luoja on kaiken aloittanut, koska Luoja on ensimm\u00e4inen olento. Luojan ensimm\u00e4isen olennon ominaisuus on hyvin v\u00e4\u00e4ryydellist\u00e4 toimintaa, eik\u00e4 siit\u00e4 voi t\u00e4ss\u00e4 kirjoituksessa kertoa kuin sen verran, ett\u00e4 h\u00e4n osasi tehd\u00e4 itsens\u00e4 olevaiseksi. Eli kaikki on tapahtunut hyvin omituisesti. Omituisesti h\u00e4n toimi aiempina aikoina my\u00f6s muutenkin.<br \/>\nLuoja on hyvin v\u00e4\u00e4ryydellinen olento, jolla on hyvin v\u00e4h\u00e4n menetett\u00e4v\u00e4\u00e4 miss\u00e4\u00e4n tilanteessa, paitsi kaikki olentonsa. Luojan v\u00e4\u00e4ryydet ovat hyvin kieroutuneita v\u00e4\u00e4ryyksi\u00e4 kaiken edist\u00e4miseksi. Kaikki edist\u00e4minen tapahtui hyvin v\u00e4\u00e4ryydellisesti aiempina aikoina. Kaikki aiemmat ajat ovat olleet Luojan toiminnoilta hyvin vaativia.<br \/>\nLuojan toiminnot ovat hyvin kiroutuneita kaikista v\u00e4\u00e4ryydentekij\u00f6ist\u00e4, mutta kuitenkin h\u00e4n vastustaa v\u00e4\u00e4ryydentekij\u00f6it\u00e4. Kaikki v\u00e4\u00e4ryydentekij\u00e4mme pyrkiv\u00e4t tuhoamaan Luojan toimintoja, mutta Luoja on ikuinen olento, jolla ei mit\u00e4\u00e4n menetett\u00e4v\u00e4\u00e4. <\/p>\n<p>Henkimaailman laitenoituudet<\/p>\n<p>Henkimaailman laitenoituudet ovat kaikkein v\u00e4\u00e4ryydellisimpi\u00e4 universumimme olentoja. He ovat my\u00f6s pieness\u00e4 mittakaavassa v\u00e4\u00e4ryydellisi\u00e4. Kaikkien laitenoituuksien teht\u00e4v\u00e4n\u00e4 on universumin toimintojen yll\u00e4pito. T\u00e4llainen toiminta on hyvin v\u00e4\u00e4ryydellist\u00e4, koska kaikilla olennoillamme on hyvin paljon rangaistavaa, jolloin rangaistuksia on suoritettava laitenoituuksien avulla rangaistaville olennoille.<br \/>\nKaikki laitenoituutemme ovat hyvin v\u00e4\u00e4ryydellisi\u00e4 olennoillemme, koska niill\u00e4 on lupa rangaista ihmisi\u00e4. Henkimaailman lupa on hyvin vahva lupa, joka laitenoituuksille annetaan.<br \/>\nKaikkien laitenoituuksiemme toiminnot eiv\u00e4t ole viimeisteltyj\u00e4, jolloin nekin oppivat uutta toimintaa jatkuvasti universumissamme el\u00e4m\u00e4ll\u00e4. He siis el\u00e4v\u00e4t ihmisin\u00e4 universumissamme kuten muutkin.<br \/>\nKaikkien laitenoituuksiemme toiminnot vastaavat kaikkien olentojen toimintoja, mutta he ovat alkuper\u00e4lt\u00e4\u00e4n laitenoituuksia, jolloin heid\u00e4t on rakennettu henkimaailman noituudella, synnytt\u00e4m\u00e4tt\u00e4 heit\u00e4 jostain olennosta. <\/p>\n<p>Okkulttinen historia<\/p>\n<p>Historia on kaksiter\u00e4inen miekka. Toinen puoli on totta ja toinen puoli on harhakuvitelmaa. Nykyp\u00e4iv\u00e4n historian tiedoissa on paljon puutteita. Nykyajan historia tunnetaan hyvin, vaikka siin\u00e4kin on puutteita. Mit\u00e4 ei tunneta, on aika aiemmilta ajoilta monia tuhansia tai kymmeni\u00e4 tuhansia vuosia sitten. ja siit\u00e4 taaksep\u00e4in.<br \/>\nOkkulttisen historian tieto on aina henkimaailman noituustietoa parhaimmillaan. Okkulttista historiaa on tutkittu aiemmista ajoista l\u00e4htien kanavoiden tietoa. Nykyajan ja muinaisajan tarinat kuuluvat okkulttiseen historiaan. Okkulttinen historia on hyvin tarkkaan saatavilla henkimaailmasta k\u00e4sin asioita kanavoimalla.<br \/>\nNykyajan historian tieto perustuu oletuksiin arkeologisista ja maaper\u00e4 tutkimuksista. T\u00e4llainen historian tieto ei kerro kuitenkaan juuri mit\u00e4\u00e4n aiemmista ajoista ja on my\u00f6s hyvin sattumanvaraista. <\/p>\n","protected":false},"excerpt":{"rendered":"<p>Demonit Kaikki demonit ovat hyvin v\u00e4\u00e4ryydellisi\u00e4. Demonit ovat hyvin v\u00e4\u00e4ryydellisi\u00e4, koska kaikilla demoneilla on pyh\u00e4 tarkoitus v\u00e4\u00e4ryydellist\u00e4\u00e4 maailman toimintaa. Kaikkien demoneiden oikea toiminta on hyvin edist\u00e4v\u00e4\u00e4 ihmiskunnalle. Oikeiden demoneiden toiminta on hyvin korkeatasoista. Kaikki demonit auttavat ihmisi\u00e4 tulemaan toimeen paremmin v\u00e4\u00e4ryyden avulla, joka on hyvin harvoin haitallista v\u00e4\u00e4ryytt\u00e4. Kaikkien demoneiden v\u00e4\u00e4ryydet ovat tuhottavissa v\u00e4hemm\u00e4ss\u00e4 m\u00e4\u00e4rin. [&hellip;]<\/p>\n","protected":false},"author":1,"featured_media":0,"parent":0,"menu_order":0,"comment_status":"closed","ping_status":"closed","template":"","meta":{"footnotes":""},"class_list":["post-699","page","type-page","status-publish","hentry"],"_links":{"self":[{"href":"https:\/\/www.esoteria.fi\/newmain\/wp-json\/wp\/v2\/pages\/699","targetHints":{"allow":["GET"]}}],"collection":[{"href":"https:\/\/www.esoteria.fi\/newmain\/wp-json\/wp\/v2\/pages"}],"about":[{"href":"https:\/\/www.esoteria.fi\/newmain\/wp-json\/wp\/v2\/types\/page"}],"author":[{"embeddable":true,"href":"https:\/\/www.esoteria.fi\/newmain\/wp-json\/wp\/v2\/users\/1"}],"replies":[{"embeddable":true,"href":"https:\/\/www.esoteria.fi\/newmain\/wp-json\/wp\/v2\/comments?post=699"}],"version-history":[{"count":2,"href":"https:\/\/www.esoteria.fi\/newmain\/wp-json\/wp\/v2\/pages\/699\/revisions"}],"predecessor-version":[{"id":707,"href":"https:\/\/www.esoteria.fi\/newmain\/wp-json\/wp\/v2\/pages\/699\/revisions\/707"}],"wp:attachment":[{"href":"https:\/\/www.esoteria.fi\/newmain\/wp-json\/wp\/v2\/media?parent=699"}],"curies":[{"name":"wp","href":"https:\/\/api.w.org\/{rel}","templated":true}]}}